d by 107.
96
What is the remainder when 44 is divided by 33?
11
What is the remainder when 781 is divided by 558?
223
What is the remainder when 136 is divided by 49?
38
What is the remainder when 1282 is divided by 12?
10
What is the remainder when 521 is divided by 48?
41
What is the remainder when 1917 is divided by 80?
77
What is the remainder when 102 is divided by 41?
20
What is the remainder when 211 is divided by 107?
104
Calculate the remainder when 189 is divided by 22.
13
Calculate the remainder when 151 is divided by 51.
49
What is the remainder when 511 is divided by 32?
31
What is the remainder when 1823 is divided by 604?
11
What is the remainder when 128 is divided by 128?
0
What is the remainder when 591 is divided by 16?
15
Calculate the remainder when 32 is divided by 7.
4
What is the remainder when 25 is divided by 14?
11
Calculate the remainder when 776 is divided by 88.
72
What is the remainder when 107 is divided by 55?
52
Calculate the remainder when 269 is divided by 137.
132
Calculate the remainder when 1974 is divided by 52.
50
Calculate the remainder when 367 is divided by 184.
183
What is the remainder when 899 is divided by 27?
8
What is the remainder when 135 is divided by 12?
3
What is the remainder when 124 is divided by 24?
4
What is the remainder when 3382 is divided by 5?
2
Calculate the remainder when 352 is divided by 49.
9
Calculate the remainder when 1310 is divided by 3.
2
Calculate the remainder when 26 is divided by 4.
2
Calculate the remainder when 1858 is divided by 20.
18
What is the remainder when 312 is divided by 66?
48
What is the remainder when 358 is divided by 116?
10
Calculate the remainder when 1170 is divided by 23.
20
Calculate the remainder when 187 is divided by 89.
9
What is the remainder when 465 is divided by 113?
13
Calculate the remainder when 521 is divided by 131.
128
Calculate the remainder when 4928 is divided by 11.
0
Calculate the remainder when 8235 is divided by 142.
141
Calculate the remainder when 76 is divided by 19.
0
Calculate the remainder when 639 is divided by 184.
87
Calculate the remainder when 2923 is divided by 94.
9
Calculate the remainder when 1066 is divided by 12.
10
What is the remainder when 53 is divided by 43?
10
What is the remainder when 92 is divided by 54?
38
Calculate the remainder when 135 is divided by 50.
35
Calculate the remainder when 583 is divided by 45.
43
What is the remainder when 804 is divided by 287?
230
What is the remainder when 348 is divided by 69?
3
What is the remainder when 12112 is divided by 13?
9
What is the remainder when 136 is divided by 14?
10
What is the remainder when 183 is divided by 142?
41
Calculate the remainder when 249 is divided by 6.
3
What is the remainder when 994 is divided by 334?
326
Calculate the remainder when 3595 is divided by 48.
43
What is the remainder when 3313 is divided by 37?
20
What is the remainder when 107 is divided by 18?
17
Calculate the remainder when 1056 is divided by 4.
0
What is the remainder when 161 is divided by 148?
13
What is the remainder when 2674 is divided by 30?
4
Calculate the remainder when 80 is divided by 57.
23
Calculate the remainder when 1388 is divided by 455.
23
What is the remainder when 276 is divided by 272?
4
What is the remainder when 558 is divided by 33?
30
What is the remainder when 1587 is divided by 199?
194
Calculate the remainder when 131 is divided by 40.
11
What is the remainder when 509 is divided by 8?
5
What is the remainder when 6466 is divided by 28?
26
What is the remainder when 79 is divided by 16?
15
Calculate the remainder when 1690 is divided by 85.
75
What is the remainder when 473 is divided by 6?
5
Calculate the remainder when 5054 is divided by 22.
16
Calculate the remainder when 215 is divided by 9.
8
What is the remainder when 359 is divided by 126?
107
Calculate the remainder when 937 is divided by 31.
7
What is the remainder when 358 is divided by 31?
17
What is the remainder when 703 is divided by 55?
43
Calculate the remainder when 129 is divided by 22.
19
Calculate the remainder when 608 is divided by 13.
10
Calculate the remainder when 5488 is divided by 61.
59
Calculate the remainder when 722 is divided by 28.
22
Calculate the remainder when 1456 is divided by 18.
16
What is the remainder when 12897 is divided by 97?
93
Calculate the remainder when 3074 is divided by 25.
24
Calculate the remainder when 1958 is divided by 56.
54
Calculate the remainder when 3356 is divided by 120.
116
What is the remainder when 563 is divided by 47?
46
What is the remainder when 153 is divided by 47?
12
What is the remainder when 81 is divided by 29?
23
What is the remainder when 40 is divided by 28?
12
What is the remainder when 110 is divided by 16?
14
Calculate the remainder when 6610 is divided by 116.
114
Calculate the remainder when 49 is divided by 13.
10
Calculate the remainder when 1423 is divided by 17.
12
What is the remainder when 1170 is divided by 390?
0
What is the remainder when 181 is divided by 27?
19
What is the remainder when 4145 is divided by 25?
20
What is the remainder when 186 is divided by 69?
48
What is the remainder when 307 is divided by 295?
12
What is the remainder when 213 is divided by 201?
12
Calculate the remainder when 2110 is divided by 32.
30
What is the remainder when 330 is divided by 302?
28
Calculate the remainder when 1556 is divided by 52.
48
What is the remainder when 490 is divided by 87?
55
What is the remainder when 1406 is divided by 4?
2
Calculate the remainder when 5944 is divided by 19.
16
Calculate the remainder when 12439 is divided by 39.
37
What is the remainder when 325 is divided by 9?
1
What is the remainder when 241 is divided by 102?
37
Calculate the remainder when 249 is divided by 12.
9
What is the remainder when 372 is divided by 21?
15
Calculate the remainder when 5926 is divided by 26.
24
What is the remainder when 252 is divided by 7?
0
What is the remainder when 136 is divided by 25?
11
Calculate the remainder when 5966 is divided by 39.
38
Calculate the remainder when 1709 is divided by 15.
14
Calculate the remainder when 297 is divided by 78.
63
What is the remainder when 1077 is divided by 124?
85
Calculate the remainder when 144 is divided by 57.
30
Calculate the remainder when 188 is divided by 17.
1
Calculate the remainder when 203 is divided by 23.
19
What is the remainder when 350 is divided by 13?
12
What is the remainder when 451 is divided by 49?
10
What is the remainder when 325 is divided by 26?
13
What is the remainder when 166 is divided by 28?
26
What is the remainder when 2129 is divided by 35?
29
Calculate the remainder when 327 is divided by 125.
77
Calculate the remainder when 838 is divided by 270.
28
Calculate the remainder when 1383 is divided by 173.
172
Calculate the remainder when 892 is divided by 5.
2
What is the remainder when 103 is divided by 23?
11
What is the remainder when 105 is divided by 29?
18
What is the remainder when 1767 is divided by 13?
12
Calculate the remainder when 5817 is divided by 20.
17
Calculate the remainder when 47 is divided by 20.
7
What is the remainder when 150 is divided by 55?
40
What is the remainder when 4991 is divided by 1246?
7
What is the remainder when 363 is divided by 26?
25
Calculate the remainder when 88 is divided by 50.
38
Calculate the remainder when 3321 is divided by 24.
9
What is the remainder when 3753 is divided by 6?
3
What is the remainder when 3682 is divided by 194?
190
Calculate the remainder when 218 is divided by 76.
66
What is the remainder when 173 is divided by 58?
57
Calculate the remainder when 1429 is divided by 203.
8
Calculate the remainder when 39 is divided by 9.
3
Calculate the remainder when 94 is divided by 3.
1
Calculate the remainder when 104 is divided by 21.
20
Calculate the remainder when 277 is divided by 105.
67
What is the remainder when 909 is divided by 152?
149
Calculate the remainder when 320 is divided by 106.
2
What is the remainder when 3484 is divided by 690?
34
What is the remainder when 2514 is divided by 76?
6
What is the remainder when 60 is divided by 17?
9
What is the remainder when 2045 is divided by 33?
32
What is the remainder when 647 is divided by 83?
